culate the highest common factor of 60 and n.
30
Let o = -2 - -39. Calculate the greatest common divisor of 407 and o.
37
Suppose 5*p - 99 = -3*o, -2*p + o = -2*o - 48. Let i = -10 - -17. What is the greatest common divisor of i and p?
7
Let r(x) = -55*x + 1. Let u be r(-1). Let q = 17 - 14. Suppose -q*w = w - 56. What is the highest common divisor of w and u?
14
Let c(r) = 2*r**2 + 8*r + 11. Let x be c(-3). Calculate the highest common factor of x and 40.
5
Suppose 3*m - 285 = 2811. Suppose 3*g - 528 = g - p, m = 4*g - 4*p. Suppose 543 + g = 5*t. Calculate the highest common divisor of 23 and t.
23
Let p = 1 + 5. Let z be (-2 - -4)/(p/36). Let x = -47 - -179. What is the highest common divisor of x and z?
12
Let f be -8*(0/(-3) + -2). Suppose 40 = -11*x + f*x. Calculate the highest common divisor of x and 20.
4
Let h(o) = -3*o - 6*o**3 - 2*o**2 + 3*o + 4*o - 5*o. Let p be h(-1). Calculate the highest common factor of 2 and p.
1
Suppose 3 = 2*x + 1. Let o(v) = 2*v**2 + 1. Let t be o(x). Calculate the highest common factor of 6 and t.
3
Let q(l) = 70*l**3 - l**2 + 2*l - 1. Let t be q(1). Suppose 0 = -3*k - 11 - 25. Let h be (-339)/k + 1/(-4). What is the greatest common factor of h and t?
14
Let m = 127 + -23. What is the greatest common divisor of 16 and m?
8
Let z(k) = 111*k**2 - 1. Let b be z(1). Let r = 254 - 244. What is the greatest common divisor of b and r?
10
Let z be -2 - (-19 + (-4 - -1)). Suppose g = -g + z. What is the greatest common factor of g and 4?
2
Let s(o) = 15*o**2 - 2*o - 1. Let d be s(2). What is the highest common factor of 22 and d?
11
Let f(k) = k**3 - 16*k**2 - 4*k - 21. Let x be f(16). Let m = -20 - x. Calculate the greatest common divisor of m and 13.
13
Let m(w) = 2*w - 19. Let p be m(9). Let v be (8/p)/((-2)/20). What is the highest common divisor of v and 20?
20
Let u be 5/2*(-552)/4. Let g = -235 - u. What is the greatest common divisor of 10 and g?
10
Let w(i) = -i**3 + 8*i**2 + 11*i - 6. Let z be w(7). What is the greatest common factor of 15 and z?
15
Let h be 2/(2 + 237/(-120)). Suppose -29 = 5*k - 189. What is the greatest common factor of h and k?
16
Let y be (16/4)/(2 + -1). Let a be y/(12/9) - -177. Calculate the highest common divisor of 20 and a.
20
Let q(w) = 2*w**2 + 31*w + 36. Let u be q(-15). What is the highest common divisor of u and 21?
21
Suppose -5*d + 67 = 3*l, 6*d - 3*d + 5*l = 37. Let b = 23 - d. Calculate the highest common divisor of 6 and b.
3
Let g be ((-8 - 3)*2)/(0 - 2). Let c be 242*(15/6)/5. Calculate the highest common factor of c and g.
11
Let f(s) = s - 18. Let b be f(23). Let c = -33 + 53. What is the highest common factor of c and b?
5
Suppose -4*f + 41 = -63. Calculate the greatest common factor of f and 65.
13
Suppose -5*w + 0*w + 60 = 0. Let r = 9 - 6. Suppose -q - r*q = 2*d - 40, -d - q + 22 = 0. Calculate the highest common divisor of w and d.
12
Let i be (2/6)/(2/30). Suppose -2*s = -4*z - i*s + 12, 0 = 3*z - 2*s - 26. Calculate the highest common factor of 6 and z.
6
Let u(l) = -2*l + 4. Suppose c - 11 = -q + 5*c, -4*c - 39 = -5*q. Let h be u(q). Let g = 5 - h. Calculate the highest common factor of 75 and g.
15
Let k be 3 - (-4)/((-12)/(-15)). Suppose -5*h - 28 = -2*d, -2*d - 4*h - k = -0*d. What is the highest common factor of d and 16?
4
Suppose 4*a - 1 = 7. Suppose 1 + 27 = a*w. Suppose -2*t + 4 = 0, -5*t - 214 = 3*l - 7*l. What is the highest common factor of l and w?
14
Let b(c) = 20*c**2 + c - 1. Let f be b(1). Calculate the greatest common divisor of 20 and f.
20
Suppose -q - 1 + 9 = 0. Suppose -10*b + 38 = -42. Calculate the greatest common factor of b and q.
8
Let a(v) = v. Let j be a(1). Let h be (j + -20)/(-1 + 0). Calculate the highest common divisor of 19 and h.
19
Let r = -15 + 17. Let f be ((-24)/r)/((-18)/24). Calculate the highest common divisor of 176 and f.
16
Let v be -1*(1/(-2) - 291/6). Calculate the greatest common divisor of 539 and v.
49
Let z be 1/2*288/8. Suppose q - 3 = t + 2*q, t + 4*q = -18. Calculate the highest common divisor of z and t.
2
Let x = -15 + 19. Suppose -4*s + 100 = s. What is the greatest common divisor of s and x?
4
Let n be (0 - 0 - -11) + -2. Suppose 7*y - 3*y + 36 = 0. Let s = 18 + y. What is the highest common divisor of n and s?
9
Let f be (-2)/(-10) + 1/(-5). Suppose t = -f*t + 22. Calculate the greatest common factor of t and 11.
11
Let y = 134 + -127. Calculate the highest common factor of 112 and y.
7
Let p(x) = -x**3 - 5*x**2 + 4*x - 8. Let s be p(-6). Let z(h) = -h**3 + 8*h**2 + h + 2. Let k be z(8). What is the greatest common factor of s and k?
2
Suppose 0 = -l + 4*l + 3. Let h(m) = 14*m**2 - 1. Let x be h(l). Calculate the greatest common factor of 39 and x.
13
Suppose -k + 2*o = 5, 3*k - o - 16 = -6. Calculate the greatest common divisor of 145 and k.
5
Suppose 248 = 3*c - c. Let f = c + -16. What is the greatest common divisor of 27 and f?
27
Let w = 18 - 48. Let q be 7/(-49) + 58/14. Let i be (2/(-3))/(q/w). What is the greatest common factor of i and 45?
5
Suppose -7*l + 98 = -0*l. Calculate the highest common divisor of l and 154.
14
Let g = 21 - -170. Suppose 277 = 4*a + 3*r, -4*a + 2*r + g = -91. Calculate the highest common factor of a and 10.
10
Let t(m) = -10*m. Suppose -10 = 3*n + 5. Let y(d) = -19*d. Let v(p) = n*t(p) + 3*y(p). Let q be v(-9). Calculate the highest common divisor of q and 9.
9
Suppose -x + 201 = 3*u + 2*x, -132 = -2*u - 4*x. What is the highest common divisor of u and 102?
34
Let y be 6/4 + 165/10. What is the highest common factor of 126 and y?
18
Let t(u) = 20*u. Let c(z) = z - 3. Let s be c(4). Let l be t(s). Calculate the highest common divisor of 30 and l.
10
Let c(w) = -w**2 + 11*w - 4. Let b be c(9). Let l = b - 0. Let u be (-83)/(-2) - 3/(-6). Calculate the highest common factor of l and u.
14
Suppose 2*r - 200 = -3*r. What is the highest common divisor of r and 60?
20
Let x(v) = -v**2 - 7*v - 1. Let m be x(-6). Suppose -36 = -m*d + 3*w + 44, d + 3*w = -2. Let c = -7 + d. What is the highest common divisor of 54 and c?
6
Let l(i) = 18*i + 3. Let c be l(8). Calculate the highest common divisor of c and 21.
21
Let w(h) = -h**2 + h + 58. Let r be w(6). What is the highest common divisor of 14 and r?
14
Let b(d) = -d + 24. Let v be b(12). Let w = 28 + -20. Suppose y = c - w, c = -c - 2*y - 4. What is the highest common factor of c and v?
3
Let a(j) = -5*j**3 - 1. Let o be a(-1). Let f = -11 - -66. Let z = -35 + f. Calculate the greatest common divisor of o and z.
4
Let x = -5 - -11. Calculate the greatest common divisor of x and 54.
6
Let l = 25 - 11. Suppose 13 = 4*k - 43. What is the highest common factor of k and l?
14
Suppose y + 18 = 2*y. Suppose 0*w + 3*m = 5*w - 23, -2*w + y = m. Suppose -70 = -0*v - 2*v. Calculate the highest common factor of w and v.
7
Let f = -12 - -18. Calculate the highest common divisor of 114 and f.
6
Let c = 16 + -10. Suppose -3*x - 2*i - 19 = 0, x + i = -c - 0. Let h = 15 + x. Calculate the highest common factor of 20 and h.
4
Let b be 10 + 16/(-4) + -4. Calculate the greatest common divisor of 4 and b.
2
Suppose -46 - 5 = -j. Suppose 4*b + j - 515 = 0. What is the highest common factor of b and 29?
29
Let r be (-4)/(13/15 - 1). Let n = 64 + -49. What is the highest common divisor of n and r?
15
Suppose a + 4*a - 5*y = 80, -5*a = 4*y - 80. Let p = a - 5. Calculate the highest common divisor of p and 88.
11
Let p(h) = -h**2 + 10*h - 10. Let u be p(9). Let i = u + 16. Calculate the highest common divisor of 120 and i.
15
Let n = 257 - 166. What is the highest common divisor of n and 7?
7
Let m(n) = -14*n. Let s be m(-9). What is the highest common divisor of 14 and s?
14
Let l(x) = 12*x + 4. Let y be l(4). Calculate the greatest common divisor of y and 78.
26
Let m(a) = 2*a**2 - 2*a - 1. Let z be m(-1). Suppose -z*h - 2*r = 5 - 31, -4*h + 37 = 5*r. What is the highest common divisor of h and 8?
8
Let n = 101 + -170. Let g = n - -144. Calculate the greatest common factor of g and 30.
15
Let y = -3 - -5. Let g = y + -2. Suppose r - 4*k = 36, g + 9 = -r - 5*k. Calculate the highest common factor of 176 and r.
16
Let i(m) = 9*m**2 - 6*m + 6. Let n be i(2). Calculate the highest common divisor of n and 90.
30
Let f be 0 - (-2 - (-3 + 1)). Let g = 